{"id":659,"date":"2023-01-17T20:38:58","date_gmt":"2023-01-17T20:38:58","guid":{"rendered":"https:\/\/janine-photo.ch\/?page_id=659"},"modified":"2026-01-02T15:33:02","modified_gmt":"2026-01-02T15:33:02","slug":"studio-newbornsets","status":"publish","type":"page","link":"https:\/\/janine-photo.ch\/?page_id=659","title":{"rendered":"Studio"},"content":{"rendered":"\t\t<div data-elementor-type=\"wp-page\" data-elementor-id=\"659\" class=\"elementor elementor-659\" data-elementor-settings=\"[]\">\n\t\t\t\t\t\t\t<div class=\"elementor-section-wrap\">\n\t\t\t\t\t\t\t<section class=\"elementor-section elementor-top-section elementor-element elementor-element-5c8f2928 elementor-section-boxed elementor-section-height-default elementor-section-height-default\" data-id=\"5c8f2928\" data-element_type=\"section\">\n\t\t\t\t\t\t<div class=\"elementor-container elementor-column-gap-default\">\n\t\t\t\t\t<div class=\"elementor-column elementor-col-100 elementor-top-column elementor-element elementor-element-8f8f2b3\" data-id=\"8f8f2b3\" data-element_type=\"column\">\n\t\t\t<div class=\"elementor-widget-wrap elementor-element-populated\">\n\t\t\t\t\t\t\t\t<div class=\"elementor-element elementor-element-6dc544fa elementor-widget elementor-widget-text-editor\" data-id=\"6dc544fa\" data-element_type=\"widget\" data-widget_type=\"text-editor.default\">\n\t\t\t\t<div class=\"elementor-widget-container\">\n\t\t\t\t\t\t\t\t<p><!-- wp:paragraph --><\/p>\n<p>Mein Studio befindet sich in Biel-B\u00f6zingen und ist ausgestattet mit einer Toilette und Dusche. Parkl\u00e4tze befinden sich direkt vor dem Studio. Da mein Stil nat\u00fcrlich ist und ich sehr gerne mit Naturmaterialien und in Naturt\u00f6nen arbeite, solltest du auch in diesen Farben gekleidet zum Shooting kommen, damit es ein Harmonisches Bild wird. Am besten geeignet sind Farben wie beige,weiss,creme und ohne Aufdrucke oder Muster.<\/p>\n<p><!-- \/wp:paragraph --><!-- wp:paragraph --><\/p>\n<p>F\u00fcr Babys habe ich eine Auswahl an verschiedenen Kleidern die zu meinem Farbstil passen und die ich kostenlos zur Verf\u00fcgung stelle. Auch f\u00fcr die Mamas habe ich ein Paar sch\u00f6ne Kleider die ihr gerne ben\u00fctzen d\u00fcrft.&nbsp;<\/p>\n<p><\/p>\n<figure class=\"wp-block-gallery columns-1 is-cropped\">\n<ul class=\"blocks-gallery-grid\">\n<li class=\"blocks-gallery-item\">\n<p><img loading=\"lazy\" class=\"alignnone size-medium wp-image-1852\" src=\"http:\/\/janine-photo.ch\/wp-content\/uploads\/2025\/08\/A31A2554-200x300.jpg\" alt=\"\" width=\"200\" height=\"300\" srcset=\"https:\/\/janine-photo.ch\/wp-content\/uploads\/2025\/08\/A31A2554-200x300.jpg 200w, https:\/\/janine-photo.ch\/wp-content\/uploads\/2025\/08\/A31A2554-683x1024.jpg 683w, https:\/\/janine-photo.ch\/wp-content\/uploads\/2025\/08\/A31A2554-768x1152.jpg 768w, https:\/\/janine-photo.ch\/wp-content\/uploads\/2025\/08\/A31A2554-1024x1536.jpg 1024w, https:\/\/janine-photo.ch\/wp-content\/uploads\/2025\/08\/A31A2554-1365x2048.jpg 1365w, https:\/\/janine-photo.ch\/wp-content\/uploads\/2025\/08\/A31A2554-1600x2400.jpg 1600w, https:\/\/janine-photo.ch\/wp-content\/uploads\/2025\/08\/A31A2554-scaled.jpg 1707w\" sizes=\"(max-width: 200px) 100vw, 200px\" \/><\/p><\/li>\n<\/ul>\n<\/figure>\n<p><!-- \/wp:gallery --><\/p>\t\t\t\t\t\t<\/div>\n\t\t\t\t<\/div>\n\t\t\t\t<div class=\"elementor-element elementor-element-88897e0 elementor-widget elementor-widget-image-gallery\" data-id=\"88897e0\" data-element_type=\"widget\" data-widget_type=\"image-gallery.default\">\n\t\t\t\t<div class=\"elementor-widget-container\">\n\t\t\t\t\t<div class=\"elementor-image-gallery\">\n\t\t\t<div id='gallery-1' class='gallery galleryid-659 gallery-columns-4 gallery-size-thumbnail'><figure class='gallery-item'>\n\t\t\t<div class='gallery-icon landscape'>\n\t\t\t\t<a data-elementor-open-lightbox=\"yes\" data-elementor-lightbox-slideshow=\"88897e0\" data-elementor-lightbox-title=\"JK7A5490\" href='https:\/\/janine-photo.ch\/wp-content\/uploads\/2026\/01\/JK7A5490-scaled.jpg'><img width=\"150\" height=\"150\" src=\"https:\/\/janine-photo.ch\/wp-content\/uploads\/2026\/01\/JK7A5490-150x150.jpg\" class=\"attachment-thumbnail size-thumbnail\" alt=\"\" loading=\"lazy\" \/><\/a>\n\t\t\t<\/div><\/figure><figure class='gallery-item'>\n\t\t\t<div class='gallery-icon landscape'>\n\t\t\t\t<a data-elementor-open-lightbox=\"yes\" data-elementor-lightbox-slideshow=\"88897e0\" data-elementor-lightbox-title=\"JK7A5486\" href='https:\/\/janine-photo.ch\/wp-content\/uploads\/2026\/01\/JK7A5486-scaled.jpg'><img width=\"150\" height=\"150\" src=\"https:\/\/janine-photo.ch\/wp-content\/uploads\/2026\/01\/JK7A5486-150x150.jpg\" class=\"attachment-thumbnail size-thumbnail\" alt=\"\" loading=\"lazy\" \/><\/a>\n\t\t\t<\/div><\/figure><figure class='gallery-item'>\n\t\t\t<div class='gallery-icon landscape'>\n\t\t\t\t<a data-elementor-open-lightbox=\"yes\" data-elementor-lightbox-slideshow=\"88897e0\" data-elementor-lightbox-title=\"JK7A5493\" href='https:\/\/janine-photo.ch\/wp-content\/uploads\/2026\/01\/JK7A5493-scaled.jpg'><img width=\"150\" height=\"150\" src=\"https:\/\/janine-photo.ch\/wp-content\/uploads\/2026\/01\/JK7A5493-150x150.jpg\" class=\"attachment-thumbnail size-thumbnail\" alt=\"\" loading=\"lazy\" \/><\/a>\n\t\t\t<\/div><\/figure><figure class='gallery-item'>\n\t\t\t<div class='gallery-icon landscape'>\n\t\t\t\t<a data-elementor-open-lightbox=\"yes\" data-elementor-lightbox-slideshow=\"88897e0\" data-elementor-lightbox-title=\"JK7A5494\" href='https:\/\/janine-photo.ch\/wp-content\/uploads\/2026\/01\/JK7A5494-scaled.jpg'><img width=\"150\" height=\"150\" src=\"https:\/\/janine-photo.ch\/wp-content\/uploads\/2026\/01\/JK7A5494-150x150.jpg\" class=\"attachment-thumbnail size-thumbnail\" alt=\"\" loading=\"lazy\" \/><\/a>\n\t\t\t<\/div><\/figure><figure class='gallery-item'>\n\t\t\t<div class='gallery-icon portrait'>\n\t\t\t\t<a data-elementor-open-lightbox=\"yes\" data-elementor-lightbox-slideshow=\"88897e0\" data-elementor-lightbox-title=\"JK7A5495\" href='https:\/\/janine-photo.ch\/wp-content\/uploads\/2026\/01\/JK7A5495-scaled.jpg'><img width=\"150\" height=\"150\" src=\"https:\/\/janine-photo.ch\/wp-content\/uploads\/2026\/01\/JK7A5495-150x150.jpg\" class=\"attachment-thumbnail size-thumbnail\" alt=\"\" loading=\"lazy\" \/><\/a>\n\t\t\t<\/div><\/figure><figure class='gallery-item'>\n\t\t\t<div class='gallery-icon portrait'>\n\t\t\t\t<a data-elementor-open-lightbox=\"yes\" data-elementor-lightbox-slideshow=\"88897e0\" data-elementor-lightbox-title=\"JK7A5496\" href='https:\/\/janine-photo.ch\/wp-content\/uploads\/2026\/01\/JK7A5496-scaled.jpg'><img width=\"150\" height=\"150\" src=\"https:\/\/janine-photo.ch\/wp-content\/uploads\/2026\/01\/JK7A5496-150x150.jpg\" class=\"attachment-thumbnail size-thumbnail\" alt=\"\" loading=\"lazy\" \/><\/a>\n\t\t\t<\/div><\/figure><figure class='gallery-item'>\n\t\t\t<div class='gallery-icon landscape'>\n\t\t\t\t<a data-elementor-open-lightbox=\"yes\" data-elementor-lightbox-slideshow=\"88897e0\" data-elementor-lightbox-title=\"JK7A5497\" href='https:\/\/janine-photo.ch\/wp-content\/uploads\/2026\/01\/JK7A5497-scaled.jpg'><img width=\"150\" height=\"150\" src=\"https:\/\/janine-photo.ch\/wp-content\/uploads\/2026\/01\/JK7A5497-150x150.jpg\" class=\"attachment-thumbnail size-thumbnail\" alt=\"\" loading=\"lazy\" \/><\/a>\n\t\t\t<\/div><\/figure>\n\t\t<\/div>\n\t\t<\/div>\n\t\t\t\t<\/div>\n\t\t\t\t<\/div>\n\t\t\t\t\t<\/div>\n\t\t<\/div>\n\t\t\t\t\t\t\t<\/div>\n\t\t<\/section>\n\t\t\t\t<section class=\"elementor-section elementor-top-section elementor-element elementor-element-497543c elementor-section-boxed elementor-section-height-default elementor-section-height-default\" data-id=\"497543c\" data-element_type=\"section\">\n\t\t\t\t\t\t<div class=\"elementor-container elementor-column-gap-default\">\n\t\t\t\t\t<div class=\"elementor-column elementor-col-100 elementor-top-column elementor-element elementor-element-3abe238\" data-id=\"3abe238\" data-element_type=\"column\">\n\t\t\t<div class=\"elementor-widget-wrap elementor-element-populated\">\n\t\t\t\t\t\t\t\t<div class=\"elementor-element elementor-element-adfa7fb elementor-widget elementor-widget-google_maps\" data-id=\"adfa7fb\" data-element_type=\"widget\" data-widget_type=\"google_maps.default\">\n\t\t\t\t<div class=\"elementor-widget-container\">\n\t\t\t\t\t<div class=\"elementor-custom-embed\">\n\t\t\t<iframe frameborder=\"0\" scrolling=\"no\" marginheight=\"0\" marginwidth=\"0\" src=\"https:\/\/maps.google.com\/maps?q=Grenchenstrasse%205d%20biel&amp;t=m&amp;z=12&amp;output=embed&amp;iwloc=near\" title=\"%3$s\" aria-label=\"%3$s\"><\/iframe>\n\t\t<\/div>\n\t\t\t\t<\/div>\n\t\t\t\t<\/div>\n\t\t\t\t\t<\/div>\n\t\t<\/div>\n\t\t\t\t\t\t\t<\/div>\n\t\t<\/section>\n\t\t\t\t\t\t<\/div>\n\t\t\t\t\t<\/div>\n\t\t","protected":false},"excerpt":{"rendered":"<p>Mein Studio befindet sich in Biel-B\u00f6zingen und ist ausgestattet mit einer Toilette und Dusche. Parkl\u00e4tze befinden sich direkt vor dem&hellip;<\/p>\n","protected":false},"author":2,"featured_media":0,"parent":0,"menu_order":0,"comment_status":"closed","ping_status":"closed","template":"","meta":[],"_links":{"self":[{"href":"https:\/\/janine-photo.ch\/index.php?rest_route=\/wp\/v2\/pages\/659"}],"collection":[{"href":"https:\/\/janine-photo.ch\/index.php?rest_route=\/wp\/v2\/pages"}],"about":[{"href":"https:\/\/janine-photo.ch\/index.php?rest_route=\/wp\/v2\/types\/page"}],"author":[{"embeddable":true,"href":"https:\/\/janine-photo.ch\/index.php?rest_route=\/wp\/v2\/users\/2"}],"replies":[{"embeddable":true,"href":"https:\/\/janine-photo.ch\/index.php?rest_route=%2Fwp%2Fv2%2Fcomments&post=659"}],"version-history":[{"count":32,"href":"https:\/\/janine-photo.ch\/index.php?rest_route=\/wp\/v2\/pages\/659\/revisions"}],"predecessor-version":[{"id":2020,"href":"https:\/\/janine-photo.ch\/index.php?rest_route=\/wp\/v2\/pages\/659\/revisions\/2020"}],"wp:attachment":[{"href":"https:\/\/janine-photo.ch\/index.php?rest_route=%2Fwp%2Fv2%2Fmedia&parent=659"}],"curies":[{"name":"wp","href":"https:\/\/api.w.org\/{rel}","templated":true}]}}